sor of 64 and 108966848.
64
What is the greatest common divisor of 30 and 5960595?
15
What is the highest common factor of 208995510 and 750?
30
Calculate the highest common divisor of 1372 and 2094848.
196
What is the highest common factor of 152993136 and 3?
3
What is the highest common factor of 542898 and 1467?
9
Calculate the highest common factor of 7197 and 74199.
3
Calculate the greatest common divisor of 7720 and 10891376.
1544
What is the greatest common factor of 5 and 343813780?
5
What is the greatest common divisor of 458 and 552?
2
What is the highest common factor of 2136 and 31099804?
356
Calculate the greatest common factor of 106179950 and 790.
790
Calculate the greatest common factor of 76 and 2518052.
4
What is the greatest common divisor of 49965 and 7515?
15
What is the greatest common divisor of 9097 and 43857?
11
What is the greatest common factor of 667836 and 503731?
1427
Calculate the highest common factor of 57144505 and 583.
11
Calculate the highest common factor of 593066814 and 6.
6
What is the greatest common factor of 5576 and 1537913772?
2788
What is the greatest common factor of 1565353759 and 379?
379
What is the greatest common factor of 7854544 and 35342?
862
Calculate the highest common factor of 185332 and 22120.
28
Calculate the greatest common factor of 146113692 and 3522.
3522
Calculate the greatest common divisor of 391168 and 27409264.
3056
What is the highest common divisor of 952 and 53762296?
952
Calculate the highest common factor of 1366638 and 780.
78
What is the greatest common divisor of 84630 and 11610690?
2730
What is the greatest common factor of 8519675 and 575?
25
Calculate the greatest common factor of 371734 and 27720.
22
What is the highest common factor of 9295 and 3464500?
845
What is the greatest common factor of 42 and 99523130?
14
What is the greatest common factor of 96707 and 1981369?
2249
What is the greatest common factor of 105 and 305801020?
35
What is the greatest common divisor of 18821 and 2960001?
319
Calculate the greatest common factor of 2502824 and 9843.
193
What is the greatest common factor of 1642080 and 17820?
660
What is the highest common factor of 405 and 71363970?
135
Calculate the highest common divisor of 104 and 92390194.
26
What is the greatest common factor of 1215 and 414910107?
243
Calculate the greatest common divisor of 1398 and 8508.
6
Calculate the highest common factor of 24128 and 1535376.
464
What is the greatest common divisor of 3181 and 36498794?
3181
Calculate the highest common divisor of 35139 and 48923823.
2067
Calculate the highest common divisor of 2708368 and 983216.
6032
What is the greatest common factor of 5005 and 9638629?
1001
Calculate the highest common divisor of 1803072 and 960.
192
What is the greatest common divisor of 410662 and 812?
14
What is the greatest common divisor of 74962437 and 9988?
2497
Calculate the greatest common divisor of 592461 and 378.
27
What is the greatest common divisor of 90 and 7247670?
30
Calculate the greatest common divisor of 8034 and 414369618.
8034
Calculate the highest common factor of 20752820 and 660.
220
What is the greatest common factor of 865917 and 247?
13
Calculate the highest common factor of 1388 and 44253604.
1388
What is the greatest common divisor of 828 and 5683806?
414
What is the greatest common factor of 321 and 1857?
3
What is the greatest common factor of 31916 and 3557624?
404
Calculate the highest common divisor of 37444 and 13541.
11
What is the greatest common divisor of 2374 and 175102679?
1187
What is the highest common factor of 51254 and 11942?
14
What is the highest common factor of 3018 and 450700072?
1006
Calculate the highest common factor of 22 and 15227663.
11
What is the greatest common factor of 74017998 and 3816?
954
What is the greatest common factor of 171455 and 15?
5
What is the greatest common factor of 5829 and 257941022?
1943
Calculate the greatest common factor of 51690892 and 220.
44
What is the greatest common factor of 1121 and 36689?
19
Calculate the greatest common divisor of 2081090 and 1034.
22
Calculate the highest common divisor of 887042911 and 19.
19
What is the highest common divisor of 706530 and 20130?
330
What is the highest common factor of 7118592 and 930?
186
What is the greatest common factor of 25293739 and 51?
17
Calculate the highest common factor of 7030380 and 63.
21
What is the greatest common divisor of 107393576 and 7842?
2614
What is the greatest common factor of 3856 and 37602025?
241
Calculate the greatest common factor of 32101683 and 4098.
2049
Calculate the highest common divisor of 604420 and 4340.
20
What is the greatest common factor of 129754 and 2072?
2
Calculate the greatest common divisor of 142576 and 369572.
1876
What is the highest common divisor of 298293840 and 8?
8
What is the greatest common factor of 11808 and 862107?
123
Calculate the greatest common factor of 6366 and 5936.
2
Calculate the highest common divisor of 5504 and 2196956.
172
What is the greatest common divisor of 1923941 and 2346?
17
What is the greatest common factor of 76459 and 88548?
157
What is the greatest common divisor of 7 and 2073673?
7
Calculate the highest common divisor of 638159120 and 15520.
7760
Calculate the greatest common factor of 119659393 and 7.
7
What is the highest common divisor of 1021024 and 524?
4
Calculate the highest common factor of 14 and 483326.
2
Calculate the greatest common divisor of 19079601 and 1767.
93
Calculate the highest common factor of 2000 and 264928.
16
What is the greatest common divisor of 396800 and 900?
100
Calculate the highest common factor of 460 and 685820.
20
Calculate the highest common factor of 161 and 519596.
7
What is the greatest common divisor of 51775976 and 4767?
1589
What is the highest common divisor of 556 and 201988?
4
Calculate the greatest common divisor of 99188356 and 6606.
734
Calculate the highest common divisor of 284596 and 25012.
676
Calculate the highest common factor of 4495 and 8475555.
155
What is the highest common factor of 2744634 and 11712?
366
What is the highest common divisor of 16543121 and 14?
7
What is the highest common factor of 64887 and 46886139?
1509
What is the highest common factor of 533 and 14096497?
41
What is the highest common divisor of 136037 and 8195?
1639
What is the greatest common divisor of 39633609 and 1434?
717
Calculate the highest common divisor of 1066 and 36296.
26
What is the greatest common divisor of 104952771 and 27?
9
What is the highest common divisor of 206561 and 8404258?
3083
What is the greatest common divisor of 15816752 and 1568?
112
Calculate the greatest common factor of 119669 and 637307.
2783
What is the highest common factor of 62535 and 2559387?
1137
Calculate the greatest common factor of 11817 and 1626201.
909
Calculate the greatest common divisor of 392 and 21103124.
196
Calculate the highest common factor of 3597 and 1033549.
11
Calculate the greatest common factor of 1769273 and 73964.
451
Calculate the highest common factor of 1835239 and 9821.
161
Calculate the greatest common divisor of 14861644 and 112.
28
Calculate the highest common factor of 269 and 146010779.
269
Calculate the greatest common factor of 133 and 2113427.
19
What is the greatest common divisor of 4466704 and 10373?
451
Calculate the greatest common divisor of 7548000 and 500.
500
Calculate the greatest common divisor of 2040895 and 545.
5
What is the highest common divisor of 263925670 and 10?
10
What is the highest common factor of 95300 and 644228?
3812
Calculate the greatest common factor of 24940 and 12089665.
6235
Calculate the greatest common divisor of 125 and 19519225.
25
Calculate the highest common factor of 340215700 and 264.
44
Calculate the greatest common factor of 48716911 and 106.
53
Calculate the greatest common factor of 1040 and 5249.
1
What is the highest common factor of 684 and 54990294?
114
Calculate the greatest common divisor of 6492069 and 243.
81
Calculate the greatest common factor of 63 and 13053159.
63
What is the highest common divisor of 1016812706 and 7?
7
Calculate the greatest common factor of 10897 and 377383.
17
What is the greatest common factor of 100 and 451540?
20
Calculate the grea